4 - 52)) + -2 + -18 + 3.
-2
What is -39 - (51 - (116 + -36))?
-10
What is -204 + (-70 - -81 - -89)?
-104
Calculate (-2 - 24) + 1 - ((-10 - 8) + 13 + 7).
-27
Calculate (8 - 13) + -7 - (10 + 1 - (33 - 45)).
-35
What is the value of 0 + -12 - (1 - 37 - (194 - 250))?
-32
What is the value of (84 - 256 - -66) + (-4 - -29)?
-81
Evaluate -89 - -83 - (-3 - (0 - 0)) - 4 - 20.
-27
Evaluate (64 + 1 - 4) + 47 + -84.
24
Evaluate (-302 - -240) + 27 + 4.
-31
Evaluate -95 + (12 - (16 - (-5 + 7))) - 9 - -12.
-94
-6 - (-21 - -14 - -29)
-28
Evaluate -80 + (91 - 78 - (12 - -2) - 11 - -8).
-84
What is the value of 12 + -1 + (-13 - -25 - 1 - (53 + 0))?
-31
-51 - 15 - (2 - 26) - (1 - 5)
-38
-1 + -14 + (-8 - ((-2 - 4) + 1))
-18
What is the value of (6 - 1) + (1 - (-4 - 0)) + -95 + 40?
-45
Calculate 5 + (-37 - (79 - 34)) + (1 - 1).
-77
Evaluate (-19 + 0 - (-164 - -148)) + 17 - 49.
-35
358 + -346 - (7 - 8 - 37 - -6)
44
Evaluate -20 + 23 + (8 - 3) + (-16 - -29).
21
Evaluate 38 - 0 - ((-37 - (11 + -4 + -24)) + 10).
48
-6 + (-32 + 40 - ((51 - -4) + -4))
-49
Evaluate -4 + (0 - -12) + (9 + 126 - 8).
135
Calculate 55 + 4 + (35 - 17) + -27.
50
-4 + 9 + ((26 - 10) + -3 - 17) + 1
2
What is (-24 - 63) + (51 - -68)?
32
Evaluate -38 - (42 + -101 + 40).
-19
Evaluate 4 + -13 - (-10 + 0 + (-16 - -30) + -62).
49
What is 10 + (-18 - (23 + -16 - 13) - 77) + -13?
-92
What is -67 - (-64 + -40 - 53)?
90
Calculate (46 - (31 + (9 - 24))) + -17.
13
Evaluate 23 - (-15 - (-16 + 23) - 18).
63
Evaluate 17 + (13 + (-43 - -17) - 63).
-59
Evaluate -49 - (-9 + -22 + 7 - -26).
-51
Calculate -28 + (-6 + 1 - 3) - (-13 + 9).
-32
(70 - 18 - 19) + 37 - (-2 - 9)
81
Calculate (-1 - (4 - -1)) + 330 + -159 + -171.
-6
What is (-40 - (-31 + -23)) + 2 + (1 - 14)?
3
14 - ((-4 + (-7 - -13 - 7) - -2) + 36)
-19
Calculate (-32 - 5) + (22 - (2 + 36)).
-53
What is the value of 3 + 5 + -11 + 19 - 0 - 8?
8
Evaluate ((4 - 1) + -3 - 3) + (-40 - (-7 - -28)).
-64
What is -25 - (38 + 10 - 58)?
-15
What is (-2 - -11) + (-2 - (-9 + 24))?
-8
What is 39 - (0 - 22 - (-76 - -60))?
45
1587 + -1581 + 45 + -1 + 0
50
What is the value of ((21 - 14) + -17 - (-5 - 0)) + (12 - -51)?
58
What is the value of -158 + 0 - (18693 + -18893)?
42
246 + -420 - (6 - 74)
-106
Evaluate -41 + (171 - (-38 - -76)).
92
Calculate -116 + (-26 - 48) + 169.
-21
What is the value of (59 - 34) + (0 + 3 - (-5 + 2)) - 3?
28
What is 0 + -52 - (-27 - (32 + -39 - 35))?
-67
What is the value of (26 - 4) + -11 + -16 - (6 + -16)?
5
Evaluate (-106 - (59 - 208)) + -109.
-66
Calculate -51 + -40 + 79 - 27.
-39
Evaluate (6 + 9 - 37) + 12 + -1 + 13 + -39.
-37
-4 + -6 + -76 + (21 - 5 - (22 - 0))
-92
-1676 + 1596 - (4 + -149)
65
Calculate (-21 + -2 - (253 + -228)) + 43.
-5
Evaluate -10 + -262 + 178 + -9 + (1 - -2).
-100
What is 46 - 68 - (-16 + (7 - -3))?
-16
Calculate -23 - (-16 - -47) - ((1 - 16) + 4).
-43
What is the value of -2 + 40 - (8 + 35) - 32?
-37
What is -187 + 97 + -32 - -2?
-120
Calculate 2 + (-20 + 7 - -26) - 5 - -85.
95
Calculate 171 + -4 + 3180 + -3266.
81
-10 + -7 + 12 - (-4 + 55 - (10 - 4))
-50
What is ((-15 - 9) + 25 - 6) + 1 + 81 + 2?
79
What is 3 + 19 + (-30 - -32)?
24
What is the value of (-71 - -83) + (3 - (4 - (4 + -6))) - 64?
-55
What is the value of (-461 - (-404 - 73)) + (1 - ((3 - 1) + 94))?
-79
Evaluate 39 + 0 - (80 + -179 - -123).
15
-143 + (54 - -1) + 33
-55
-1 + -16 + (38 + 12 - 17)
16
What is the value of -1 + 27 + (1272 - 1308)?
-10
What is the value of (-122 - (-46 - -18) - -13) + 7?
-74
Calculate 41 + -1 + (1434 - 1412) + (-10 - 1).
51
What is (35 - 21) + 2 + 6 + -6 + (3 - 4)?
15
1 - -29 - (259 - (-93 + 203))
-119
-83 - (1 + -3) - (-100 - (-32 + -61))
-74
Evaluate 34 - (-20 + -1 + 0) - -16.
71
What is (80 - 49) + 42 + -41 - 46?
-14
Calculate 18 + -25 + (0 + 11 - (-5 - -12)) + -19.
-22
Evaluate (1 - -9 - 1) + (-168 - (-274 + 136)).
-21
What is the value of (-2435 - -2516) + -3 + -40?
38
What is 43 + (-35 - 61) + 0 + 7?
-46
Evaluate -61 + -54 + -16 + -20 + 52.
-99
-121 + -59 + 161 + 1 + (4 - -9)
-5
-80 + 85 - 99 - (-20 + 5)
-79
What is the value of -1 + 17 + (344 - 321) + 15?
54
What is 76 + -29 + 11 + 62?
120
Evaluate 8 - (17 + (3 - 12 - (121 + -137))).
-16
What is the value of 8376 + -8382 - (61 + 1)?
-68
What is (-53 + 136 - 79) + (55 - (2 - (-1 - 0)))?
56
What is the value of 5121 + -5134 + (-1 - -3 - (0 - -59))?
-70
10 + 6 + -6 - (5 + -15 + 2)
18
-95 - (-92 + (-59 - -91))
-35
11 - ((-10 - 8 - 2) + 9 - (1 + -1))
22
25 - ((-57 - -54) + (0 - -22) + -10)
16
Calculate -762 + 749 + (0 - -22) + 16.
25
Calculate 0 + (5 - -46) + -19 + 22 + -8.
46
What is -12 + (-18 + 2 - ((44 - 35) + 3)) - 12?
-52
What is (14 - -39) + -57 - -79?
75
What is the value of -83 + (-89 - -124 - 44)?
-92
Calculate -30 + (21 - (30 + -40)) + 2 + -2 + -76.
-75
What is (-15 - (3 - 86)) + -5 + (4 - 14)?
53
What is (-4 - (-19 + (6 - (-2 + -2 + 4)))) + 49?
58
(-31 - (27 - (52 + 13))) + -20
-13
What is the value of 3 + 2 - (-21 + -9 + (104 - 40))?
-29
-18 - 9 - (64 - (-46 - -151))
14
Evaluate 11 + (16 - 12) + -7 + 2 + 5.
15
What is the value of (522 - 483) + (-1 - 0) + -12?
26
Evaluate 3 + -11 + 13 + 5 + 3 + -17 + 10.
6
Calculate -108 + (193 - 81 - 80).
-76
What is the value of -88 + 25 + 0 + -28 + 6?
-85
715 + -735 + (0 - -13) + 3 + 28
24
Calculate (-49 - -66) + -10 + 30 + -22.
15
Evaluate -326 + 213 - (1 + -63).
-51
Evaluate 41 + -23 - (-1 - -5 - -4).
10
What is 45 + -44 + -41 - (30 - 95)?
25
Evaluate (24 - -50 - -1) + -24.
51
Calculate 2 + 0 + -3 - (-83 + 54 - 39).
67
What is the value of -6 - (-8 - (6 + -2)) - (-20 - -29)?
-3
Evaluate 25 - (99 - (127 + -79)).
-26
(48 - (27 + -21)) + -27 + 59
74
What is the value of (12 - -4) + 21 + -48 + 1?
-10
What is the value of 9 + -2 - (57 - (-71 - -161))?
40
What is 137 + -85 + (-153 - 29)?
-130
Evaluate (-26 - -1) + 0 - (32433 - 32433).
-25
Calculate (-19 - -2 - -41) + -38.
-14
Evaluate (99 - 35) + 26 + -48 + 72.
114
What is the value of -20 + 56 + (-23 - 4) + -96?
-87
Calculate 101 + (-131 - 56) - -76.
-10
Calculate 30 + 14 + -26 - 18 - (40 + 1).
-41
Calculate 837 + -862 + (-4 - (0 + (2 - -1))).
-32
-15 - ((-7 - -11) + 20 - 1)
-38
10 + 1 - 1 - (-8712 + 8758)
-36
Calculate 52 + (11 - (-22 + 12 + 23) - 9).
41
(-25 + 3 - 4) + (-29 - -12)
-43
Evaluate -34 + (26 - (32 + (-21 - -18))).
-37
What is (0 - (3 - 15) - 21) + 14 - 18?
-13
What is the value of -41 - (-169 - (23 + (-48 - -38)))?
141
Calculate -14 - 9 - (4 + (6 - 23) - (-29 - -22)).
-17
What is the value of 0 + -8 + (-73 - -50 - 9)?
-40
(-17 - 2) + (-7 - 7 - (-4 + 2))
-31
Calculate -41 + -13 + 66 + -46.
-34
What is 13 + 8 + -20 + 11 + -7 + 11 + -3?
13
What is the value of -15 + -67 + 38 - -2?
-42
What is the value of 10665 - 10681 - (0 + -1 + 3)?
-18
Evaluate 6 + (8 - -8) - (42 + -105 - -40).
45
What is the value of -4 + (-62 + 68 - (12 + -3)) - -51?
44
What is the value of 2 - 17 - (205 - 231)?
11
Calculate -13 - (7 + 19 + -20) - 29.
-48
Calculate -53 - (-20 + (10 - -7) + -6).
-44
What is 5 - (-1 - 1 - (-46 + 6 + 24 + -16))?
-25
-11 + (-151 - -56) + 57
-49
Evaluate (16 + 8 + -29 - -12) + 9 + 2.
18
Evaluate (-2 + -1 - 1) + 1 + 52 - (-101 - -111).
39
What is the value of 12 + (-16 - -34 - 8 - 96)?
-74
Evaluate (9 - -25) + 194 + -185.
43
What is -9 + (92 - 18) - (12 + 5 + -1)?
49
What is 95 + -14 + (21 - (18 + 2)) + (2 - 14)?
70
(49 - -1) + (0 - 1) - (-14 - (-313 + 303))
53
Calculate (0 - -28) + 7 + 3 + (-83 - -66).
21
Evaluate (-76 - -35) + -1 + -3 + 31.
-14
What is the value of (2 - -26) + -37 + -3?
-12
Evaluate 0 + 20 + -31 + 3 + -18.
-26
What is the value of -48 + (16 - 13) - (8 + 13 + -9)?
-57
94 + -162 - (7 + 0 + 79 + -98)
-56
What is (2 - 1) + (2 - 1 - (-46 - -33 - -23))?
-8
64 - 42 - 48 - (-2 - 87)
63
What is the value of -1081 + 1073 + (-2 - 0) + (29 - -3)?
22
What is (-34 - -2) + (-79 + 54 - -6)?
-51
Calculate 0 + 1 + -87 - ((-36 - -1) + -32 - -53).
-72
What is the value of (0 - (-1 + 21)) + (-34586 - -34577)?
-29
Evaluate (61 - -3) + (-23 - (-2 - 5) - (18 + -33)).
63
What is 4 - (40 + (-4 - 0) + (104 - 110))?
-26
What is (0 + 2 + -92 + 106 - 4) + -33?
-21
What is the value of (-6 - -18) + (601 - 553)?
60
(-20 - 33) + (3 - (10 - 9 - (0 + 5)))
-46
What is the value of 98 + (-27 + 20 - 27 - -16)?
80
Evaluate -43 - (7 + 21 + -34).
-37
What is (3 - -3 - (-32 + 43) - 0) + -12